inder when x(-7) is divided by 21?
18
Let p(s) = s**3 + 10*s**2 - 15*s - 4. Suppose 6*v = 3*v - 33. Let z be p(v). Calculate the remainder when 13 is divided by ((-48)/z)/((-3)/10).
1
Let b be (-99)/(-2)*(-72)/(-54). Suppose -4*i + b = -i. Calculate the remainder when i is divided by 12.
10
Suppose -2*j + 416 = 5*l, l - 4*l + 260 = -4*j. Suppose -2*p + l = 22. What is the remainder when 59 is divided by p?
28
Let r(w) = w**3 + 8*w**2 - w - 4. Let i be r(-8). Suppose i*d + 20 = 0, -m + 4*d + 230 = 2*m. What is the remainder when m is divided by 12?
10
Suppose -3*y = -o + 194 - 57, -476 = -3*o - 4*y. Calculate the remainder when o is divided by 4.
0
Suppose -5*h + 2*i + 25 = -40, 3*h = -5*i + 70. Calculate the remainder when h is divided by 13.
2
Let p(i) = -i**3 - 5*i**2 - i + 14. Let u be p(-4). What is the remainder when 41 is divided by -3*((-99)/(-54))/(u/(-4))?
8
Suppose 0*m - 2*m - a + 8 = 0, 4*a = -2*m - 4. Let o(z) = -3*z - m*z + 0*z - 7 + 3*z. What is the remainder when 48 is divided by o(-4)?
14
Let d(y) = 4*y + 2. Suppose 7*r + 9 = 10*r. Suppose -2*f + f = s - r, -4*f + s + 12 = 0. Calculate the remainder when 53 is divided by d(f).
11
Suppose -17*f + 25*f - 800 = 0. Let h = -29 - -55. What is the remainder when f is divided by h?
22
Suppose 3*x - 964 = -2*j, -7*j = 3*x - 6*j - 965. Calculate the remainder when x is divided by 27.
25
Let s(z) = 2*z**2 - 8*z. Let o be s(6). Suppose p - 3*p = -o. Suppose 0 = -0*g - g + 5*h + 27, -5*h = 4*g - 208. Calculate the remainder when g is divided by p.
11
Let q = 1116 - 1015. What is the remainder when q is divided by 59?
42
Suppose -14 + 32 = 2*v - 2*a, -2 = -a. What is the remainder when 35 is divided by v?
2
Let h(n) = -2*n**2 + 20*n + 2. Let p = -1 + 4. Suppose 5*v - 132 = -4*j - 30, v - p*j - 9 = 0. Calculate the remainder when h(5) is divided by v.
16
Let d = -1 + 2. Let q(i) = 9*i + 25. Let w be q(-5). Calculate the remainder when -5 + 2 + d - w is divided by 10.
8
Let p = 7993 + -7812. Let r = 35 + 11. What is the remainder when p is divided by r?
43
Let u = -228 + 265. What is the remainder when 216 is divided by u?
31
Suppose -33*k + 31*k = -22. Let v(x) = -x**2 - 6*x - 2. Let u be v(-6). Calculate the remainder when -3 - (u + (3 - 46)) is divided by k.
9
Suppose 4*c = -q + 3*c + 16, 4*q - 4*c = 24. Suppose 21 = 2*n + n. Suppose -n*o - 215 = -12*o. Calculate the remainder when o is divided by q.
10
Let p = -4 - -8. Suppose 2*c = 0, -19 = 3*z - 4*c - p. What is the remainder when 41 is divided by 10/z*(-11)/2?
8
Let t be (-2)/5 - (-992)/5. Let g = 6 + -1. Suppose -5*l + t = 2*a, 5*a + 0 = -g. Calculate the remainder when l is divided by 14.
12
Suppose 295*u = 296*u - 139. Let t(z) = -4*z - 32. Calculate the remainder when u is divided by t(-13).
19
Let u = -4 + 43. What is the remainder when u is divided by (0 - 1)/(4/(-2) - (-950)/500)?
9
Let q be (-17)/(-51) + (-14)/(-3). Let m be (-3 - -2)/1*0. Suppose 4*n + 4*j - 32 = m, 0 = q*j + 1 - 11. What is the remainder when 10 is divided by n?
4
Let f be (-7)/((-7)/2)*1. Suppose 2 = f*u - 3*u. What is the remainder when (-65)/(-4) + u/8 is divided by 6?
4
Suppose -5*u - 79 = -k, 3*k = 5*k + 3*u - 119. Calculate the remainder when k is divided by 14.
8
Let u(w) = 20*w + 6. Suppose 3*c + 0 = 36. What is the remainder when u(2) is divided by c?
10
Let p = 8 + -45. Let x = p - -29. What is the remainder when (-92)/x*(1 - -1) is divided by 6?
5
Let l = -269 - -386. Let p(i) = -25*i - 610. What is the remainder when l is divided by p(-26)?
37
Let b(i) = -9*i - 3. Let t be b(-7). Suppose -5*c + 0*c = -t. Calculate the remainder when 23 is divided by c.
11
Suppose -3*p - 3*f = -117, -5*p + 3*p = 3*f - 81. What is the remainder when p is divided by 26?
10
Let a(x) = -x**3 - 18*x**2 + 17*x - 2. Let l = 35 + -54. Calculate the remainder when 68 is divided by a(l).
32
Suppose 25 - 6 = 2*x + 3*d, -4*x + 4*d = -48. What is the remainder when 34 + 3/(63/(-273)) is divided by x?
10
Suppose 0 = -4*r - 3 + 11. Suppose -229*g = -226*g - 9. Suppose -120 = -g*b - r*b. Calculate the remainder when 68 is divided by b.
20
Let k(y) = -2*y**2 + 4*y + 3. Let j be k(3). Calculate the remainder when 64 is divided by (j + (19 - 3))*1.
12
Let s(d) = -6*d**2 + 4*d - 9. Let t be s(5). Let o = -80 - t. Calculate the remainder when o is divided by 21.
17
Let h(y) = -6*y. Suppose -6*s = -1 + 19. Calculate the remainder when h(s) is divided by 5.
3
Suppose 5*c + t - 230 = 0, 0*t = -2*c - 4*t + 74. What is the remainder when 77 is divided by c?
30
Let v be 1 + 1 + 2 + -6. Let s = -287 + 288. Let f = s - v. Calculate the remainder when f is divided by 1.
0
Let s = -191 - -209. Calculate the remainder when 27 is divided by s.
9
Let f(i) = -74*i - 927. What is the remainder when 161 is divided by f(-13)?
21
Let q(t) = 7*t + 37. Let v(l) = -l + 1. Let c(d) = -q(d) - 2*v(d). Calculate the remainder when c(-13) is divided by 5.
1
Let s(l) = l**2 - 11*l + 13. Let q be s(10). Suppose q*j + 27 = 5*j + 5*n, j = -n + 18. What is the remainder when j is divided by 13?
8
Let m be -3*3*(1 - 2). Let b(w) be the first derivative of -w**4/4 + 8*w**3/3 + 6*w**2 - 10*w - 1. What is the remainder when b(m) is divided by 6?
5
Let a(o) = o**2. Let x(z) = 2*z**2 - z + 1. Let d(n) = -3*a(n) + x(n). Let q be d(0). Let i = 44 - q. What is the remainder when i is divided by 23?
20
Let y = -425 + 618. Suppose a - y + 585 = -4*t, 4*t = -5*a - 376. Calculate the remainder when 4/((-12)/t) + 3 is divided by 10.
6
What is the remainder when 62 - 0/1 - 1 is divided by -1*(-28 - (7 + 0 + -9 + 5))?
30
Let r = 126 - 87. Suppose 0 = -3*g + 5*c - 3*c + 57, -r = -2*g + c. What is the remainder when g is divided by 10?
1
Let k = 10 - -5. Let f(v) = -v + 30. What is the remainder when f(k) is divided by 6?
3
Let k(f) = f**2 - f + 3. Let x = 11 - 11. Calculate the remainder when 9 is divided by k(x).
0
Suppose 4*f + 6 = u, -64*u = -63*u - 2*f - 12. Calculate the remainder when 35 is divided by u.
17
What is the remainder when 215 is divided by ((-72)/(-16))/((-2)/(-4))?
8
Suppose 0 = -3*w - 4*l - 105 - 44, 0 = -w - 3*l - 48. Let i = 56 + w. Calculate the remainder when 19 is divided by i.
4
Let r be ((-10)/(-5) + -4)/(-1). Suppose 0*v = -r*v + 202. Calculate the remainder when v is divided by 17.
16
Suppose 5942 = 19*w - 32780. Calculate the remainder when w is divided by 120.
118
Suppose 0 = -33*r + 35*r - 22. Let q(g) = -g + 6. Let h be q(6). Suppose -3*v + 60 = -h*v. What is the remainder when v is divided by r?
9
Suppose 30*i - 33*i + 126 = 0. What is the remainder when 119 is divided by i?
35
Calculate the remainder when ((-22)/(-55))/(3/1155) is divided by 53.
48
Suppose 0 = -4*x + 9*x - 15. Suppose 4*f - x*t = 16 + 31, -4*f = 3*t - 17. Suppose 2*n - 28 = 2. What is the remainder when n is divided by f?
7
Let d(w) = 3*w + w + 7*w - 3*w**2 + 12 + 2*w**2. Let x(b) = b**3 - 5*b**2 - 12. Calculate the remainder when x(7) is divided by d(10).
20
Let t = -15 + 31. Let h(a) = -a**3 - a - 2. Calculate the remainder when h(-3) is divided by t.
12
Suppose s + 14 + 4 = h, 27 = h - 4*s. Suppose 5*k - 4*g + h = -g, -5*k + 4*g = 10. Calculate the remainder when k/(-27) + 158/18 is divided by 4.
1
Let s(g) = -g**3 - 5*g**2 + 25*g + 19. Calculate the remainder when 33 is divided by s(-8).
0
Suppose -4283 - 1893 = -32*k. Calculate the remainder when k is divided by 39.
37
Suppose 39 = 5*n - 2*n. Let w(u) = -u - 6. Let v = -27 - -16. What is the remainder when n is divided by w(v)?
3
Let g be (-2035)/25 - 8/(-20). Let j = g - -85. Calculate the remainder when 26 is divided by j.
2
Let h(c) be the second derivative of -c**3/6 - 3*c**2/2 - 11*c. What is the remainder when 56 is divided by h(-23)?
16
Let q(r) = -22*r + 4. Let w be q(-3). Suppose 3*b + 4*l - 115 = w, 0 = 3*b - 2*l - 155. What is the remainder when b is divided by 19?
17
Let y be (-2)/(-4)*0/4. Suppose 0 = -r - 2*s + 3*s + 54, 4*r - 5*s - 213 = y. Let c = 21 - 6. Calculate the remainder when r is divided by c.
12
Let v be (-14)/49 - 2/(-7). Let n be 0 + v + -2 + 2. Suppose -2*q + 34 = 2*j - 8, 2*j - 4*q - 24 = n. What is the remainder when j is divided by 5?
3
Let s = -78 + 139. Let k = s + -39. What is the remainder when 62 is divided by k?
18
Let j(m) = -18*m + 